{"id":96,"date":"2011-02-25T16:28:13","date_gmt":"2011-02-25T16:28:13","guid":{"rendered":"http:\/\/florenove.com\/?page_id=96"},"modified":"2022-06-28T07:40:22","modified_gmt":"2022-06-28T07:40:22","slug":"aerogommage","status":"publish","type":"page","link":"http:\/\/florenove.com\/?page_id=96","title":{"rendered":"A\u00e9rogommage"},"content":{"rendered":"\n<p class=\"has-text-align-center\">&nbsp;<\/p>\n\n\n\n<p>Equip\u00e9e d\u02bcune a\u00e9rogommeuse qui permet un d\u00e9capage \u00e0 sec, je peux tr\u00e8s rapidement remettre \u00e0 nu sans aucun risque meubles, volets, portails, meubles d\u02bcusine, tout&nbsp; support fer ou en bois. Cette technique moderne est appr\u00e9ci\u00e9e des particuliers et des professionnels pour son rendu parfait, imm\u00e9diat, sans l\u02bcusage de produit toxique. Je peux d\u00e9caper sur place les pi\u00e8ces non d\u00e9montables, le r\u00e9sultat est imm\u00e9diat, la peinture peut \u00eatre appliqu\u00e9e imm\u00e9diatement apr\u00e8s. Je mets un point d\u02bchonneur \u00e0 ne pas utiliser de produits toxiques, nocifs pour l\u02bchomme et l\u02bcenvironnement.<\/p>\n\n\n\n<div style=\"height:10px\" aria-hidden=\"true\" class=\"wp-block-spacer\"><\/div>\n\n\n\n<figure class=\"wp-block-embed is-type-video is-provider-vimeo wp-block-embed-vimeo wp-embed-aspect-16-9 wp-has-aspect-ratio\"><div class=\"wp-block-embed__wrapper\">\n<iframe loading=\"lazy\" title=\"florenove-a&amp;eacute;rogommage 34\" src=\"https:\/\/player.vimeo.com\/video\/724760774?h=650a1d098a&amp;dnt=1&amp;app_id=122963\" width=\"500\" height=\"281\" frameborder=\"0\" allow=\"autoplay; fullscreen; picture-in-picture\" allowfullscreen><\/iframe>\n<\/div><\/figure>\n\n\n\n<h2><strong>Exemple de r\u00e9novation de&nbsp; meuble<\/strong><em><br><\/em><\/h2>\n\n\n\n<p class=\"has-text-align-center\"><em>(Cliquer sur les images pour zoomer)<\/em><\/p>\n\n\n\n<p class=\"has-text-align-center\">&nbsp;<\/p>\n\n\n\n<div class=\"wp-block-image\"><figure class=\"aligncenter\"><a href=\"http:\/\/florenove.com\/wp-content\/uploads\/2011\/02\/P1180026.jpg\"><img loading=\"lazy\" width=\"300\" height=\"225\" src=\"http:\/\/florenove.com\/wp-content\/uploads\/2011\/02\/P1180026-300x225.jpg\" alt=\"D\u00e9capage par a\u00e9rogommage Montpellier\/H\u00e9rault 1\" class=\"wp-image-127\" srcset=\"http:\/\/florenove.com\/wp-content\/uploads\/2011\/02\/P1180026-300x225.jpg 300w, http:\/\/florenove.com\/wp-content\/uploads\/2011\/02\/P1180026-1024x768.jpg 1024w\" sizes=\"(max-width: 300px) 100vw, 300px\" \/><\/a><figcaption>Avant<\/figcaption><\/figure><\/div>\n\n\n\n<div class=\"wp-block-image\"><figure class=\"aligncenter\"><a href=\"http:\/\/florenove.com\/wp-content\/uploads\/2011\/02\/P1190028.jpg\"><img loading=\"lazy\" width=\"300\" height=\"225\" src=\"http:\/\/florenove.com\/wp-content\/uploads\/2011\/02\/P1190028-300x225.jpg\" alt=\"D\u00e9capage par a\u00e9rogommage Montpellier\/H\u00e9rault 2\" class=\"wp-image-128\" srcset=\"http:\/\/florenove.com\/wp-content\/uploads\/2011\/02\/P1190028-300x225.jpg 300w, http:\/\/florenove.com\/wp-content\/uploads\/2011\/02\/P1190028-1024x768.jpg 1024w\" sizes=\"(max-width: 300px) 100vw, 300px\" \/><\/a><figcaption>Apr\u00e8s a\u00e9rogommage<\/figcaption><\/figure><\/div>\n\n\n\n<div class=\"wp-block-image\"><figure class=\"aligncenter\"><a href=\"http:\/\/florenove.com\/wp-content\/uploads\/2011\/02\/P1220009.jpg\"><img loading=\"lazy\" width=\"300\" height=\"225\" src=\"http:\/\/florenove.com\/wp-content\/uploads\/2011\/02\/P1220009-300x225.jpg\" alt=\"D\u00e9capage par a\u00e9rogommage Montpellier\/H\u00e9rault 3\" class=\"wp-image-129\" srcset=\"http:\/\/florenove.com\/wp-content\/uploads\/2011\/02\/P1220009-300x225.jpg 300w, http:\/\/florenove.com\/wp-content\/uploads\/2011\/02\/P1220009-1024x768.jpg 1024w\" sizes=\"(max-width: 300px) 100vw, 300px\" \/><\/a><figcaption>Meuble r\u00e9nov\u00e9<\/figcaption><\/figure><\/div>\n\n\n\n<p class=\"has-text-align-center\">&nbsp;<\/p>\n\n\n\n<p class=\"has-text-align-center\">&nbsp;<\/p>\n\n\n\n<p class=\"has-text-align-center\">&nbsp;<\/p>\n\n\n\n<p class=\"has-text-align-center\">&nbsp;<\/p>\n\n\n\n<p class=\"has-text-align-center\">&nbsp;<\/p>\n\n\n\n<p class=\"has-text-align-center\">&nbsp;<\/p>\n\n\n\n<p class=\"has-text-align-center\">&nbsp;<\/p>\n\n\n\n<p class=\"has-text-align-center\">&nbsp;<\/p>\n\n\n\n<p class=\"has-text-align-center\">&nbsp;<\/p>\n\n\n\n<p class=\"has-text-align-center\">&nbsp;<\/p>\n\n\n\n<p class=\"has-text-align-center\">&nbsp;<\/p>\n\n\n\n<p class=\"has-text-align-center\">&nbsp;<\/p>\n\n\n\n<p class=\"has-text-align-center\">&nbsp;<\/p>\n\n\n\n<p class=\"has-text-align-center\">&nbsp;<\/p>\n","protected":false},"excerpt":{"rendered":"<p>&nbsp; Equip\u00e9e d\u02bcune a\u00e9rogommeuse qui permet un d\u00e9capage \u00e0 sec, je peux tr\u00e8s rapidement remettre \u00e0 nu sans aucun risque meubles, volets, portails, meubles d\u02bcusine, tout&nbsp; support fer ou en bois. Cette technique moderne est appr\u00e9ci\u00e9e des particuliers et des professionnels pour son rendu parfait, imm\u00e9diat, sans l\u02bcusage de produit toxique. Je peux d\u00e9caper sur [&hellip;]<\/p>\n","protected":false},"author":1,"featured_media":0,"parent":0,"menu_order":2,"comment_status":"closed","ping_status":"closed","template":"","meta":[],"_links":{"self":[{"href":"http:\/\/florenove.com\/index.php?rest_route=\/wp\/v2\/pages\/96"}],"collection":[{"href":"http:\/\/florenove.com\/index.php?rest_route=\/wp\/v2\/pages"}],"about":[{"href":"http:\/\/florenove.com\/index.php?rest_route=\/wp\/v2\/types\/page"}],"author":[{"embeddable":true,"href":"http:\/\/florenove.com\/index.php?rest_route=\/wp\/v2\/users\/1"}],"replies":[{"embeddable":true,"href":"http:\/\/florenove.com\/index.php?rest_route=%2Fwp%2Fv2%2Fcomments&post=96"}],"version-history":[{"count":38,"href":"http:\/\/florenove.com\/index.php?rest_route=\/wp\/v2\/pages\/96\/revisions"}],"predecessor-version":[{"id":608,"href":"http:\/\/florenove.com\/index.php?rest_route=\/wp\/v2\/pages\/96\/revisions\/608"}],"wp:attachment":[{"href":"http:\/\/florenove.com\/index.php?rest_route=%2Fwp%2Fv2%2Fmedia&parent=96"}],"curies":[{"name":"wp","href":"https:\/\/api.w.org\/{rel}","templated":true}]}}